{"id":2,"date":"2025-11-24T17:42:46","date_gmt":"2025-11-24T22:42:46","guid":{"rendered":"http:\/\/piuse.unap.edu.pe\/public\/?page_id=2"},"modified":"2025-11-25T00:40:05","modified_gmt":"2025-11-25T05:40:05","slug":"reglamentos","status":"publish","type":"page","link":"https:\/\/piuse.unap.edu.pe\/public\/?page_id=2","title":{"rendered":"Reglamentos"},"content":{"rendered":"\n<p><a href=\"https:\/\/drive.google.com\/file\/d\/1cdh3qfcoGV59YFlSHACThj5y1eEBaGa0\/view?usp=sharing\" target=\"_blank\" rel=\"noreferrer noopener\">1. REGLAMENTO DE PRESENTACI\u00d3N DE PROYECTOS<\/a><\/p>\n\n\n\n<h1 class=\"wp-block-heading\" id=\"h.ban2rw2usa39_l\"><a href=\"https:\/\/drive.google.com\/file\/d\/1B-yVTDi1yUrATDUvCFdjClMXgA0xkR6s\/view?usp=sharing\" target=\"_blank\" rel=\"noreferrer noopener\">2. REGLAMENTO PARA LA PRENSETACI\u00d3N DEL INFORME DE INVESTIGACI\u00d3N&nbsp;(BORRADOR DE TESIS)<\/a><\/h1>\n\n\n\n<p><a href=\"https:\/\/drive.google.com\/file\/d\/1c9z7EYbOMP7x-It-8a30xEj6rhzJjEFj\/view?usp=drive_link\" target=\"_blank\" rel=\"noreferrer noopener\">3. REGLAMENTO PARA LA SUSTENTACI\u00d3N DE TESIS<\/a><\/p>\n","protected":false},"excerpt":{"rendered":"<p>1. REGLAMENTO DE PRESENTACI\u00d3N DE PROYECTOS 2. REGLAMENTO PARA LA PRENSETACI\u00d3N DEL INFORME DE INVESTIGACI\u00d3N&nbsp;(BORRADOR DE TESIS) 3. REGLAMENTO PARA LA SUSTENTACI\u00d3N DE TESIS<\/p>\n","protected":false},"author":1,"featured_media":0,"parent":0,"menu_order":0,"comment_status":"closed","ping_status":"closed","template":"","meta":{"footnotes":""},"class_list":["post-2","page","type-page","status-publish","hentry"],"_links":{"self":[{"href":"https:\/\/piuse.unap.edu.pe\/public\/index.php?rest_route=\/wp\/v2\/pages\/2","targetHints":{"allow":["GET"]}}],"collection":[{"href":"https:\/\/piuse.unap.edu.pe\/public\/index.php?rest_route=\/wp\/v2\/pages"}],"about":[{"href":"https:\/\/piuse.unap.edu.pe\/public\/index.php?rest_route=\/wp\/v2\/types\/page"}],"author":[{"embeddable":true,"href":"https:\/\/piuse.unap.edu.pe\/public\/index.php?rest_route=\/wp\/v2\/users\/1"}],"replies":[{"embeddable":true,"href":"https:\/\/piuse.unap.edu.pe\/public\/index.php?rest_route=%2Fwp%2Fv2%2Fcomments&post=2"}],"version-history":[{"count":2,"href":"https:\/\/piuse.unap.edu.pe\/public\/index.php?rest_route=\/wp\/v2\/pages\/2\/revisions"}],"predecessor-version":[{"id":54,"href":"https:\/\/piuse.unap.edu.pe\/public\/index.php?rest_route=\/wp\/v2\/pages\/2\/revisions\/54"}],"wp:attachment":[{"href":"https:\/\/piuse.unap.edu.pe\/public\/index.php?rest_route=%2Fwp%2Fv2%2Fmedia&parent=2"}],"curies":[{"name":"wp","href":"https:\/\/api.w.org\/{rel}","templated":true}]}}